{"id":376,"date":"2026-01-09T17:28:55","date_gmt":"2026-01-09T17:28:55","guid":{"rendered":"https:\/\/gitaraksesuar.com\/?post_type=product&#038;p=376"},"modified":"2026-02-21T08:20:13","modified_gmt":"2026-02-21T08:20:13","slug":"ahsap-gitar-tel-sarma-aparati-siyah-sapli-tum-gitarlarla-uyumlu","status":"publish","type":"product","link":"https:\/\/gitaraksesuar.com\/?product=ahsap-gitar-tel-sarma-aparati-siyah-sapli-tum-gitarlarla-uyumlu","title":{"rendered":"Ah\u015fap Gitar Tel Sarma Aparat\u0131 \u2013 Siyah Sapl\u0131, T\u00fcm Gitarlarla Uyumlu"},"content":{"rendered":"<p data-start=\"568\" data-end=\"819\">Bu <strong data-start=\"571\" data-end=\"604\">ah\u015fap gitar tel sarma aparat\u0131<\/strong>, gitar tel de\u011fi\u015fimini h\u0131zl\u0131 ve zahmetsiz hale getirmek i\u00e7in tasarlanm\u0131\u015ft\u0131r. <strong data-start=\"681\" data-end=\"704\">Do\u011fal ah\u015fap g\u00f6vdesi<\/strong>, dayan\u0131kl\u0131l\u0131k ve uzun \u00f6m\u00fcrl\u00fc kullan\u0131m sunarken ergonomik yap\u0131s\u0131 sayesinde elde kaymaz ve g\u00fcvenli bir tutu\u015f sa\u011flar.<\/p>\n<p data-start=\"821\" data-end=\"990\">Siyah ve beyaz sap se\u00e7enekleriyle <strong data-start=\"855\" data-end=\"885\">klasik ve \u015f\u0131k bir tasar\u0131ma<\/strong> sahiptir. <strong data-start=\"896\" data-end=\"940\">Akustik, klasik, elektro ve bas gitarlar<\/strong> dahil olmak \u00fczere t\u00fcm gitar t\u00fcrleriyle uyumludur.<\/p>\n<p data-start=\"992\" data-end=\"1125\">Tel de\u011fi\u015fimi s\u0131ras\u0131nda dengeli ve kontroll\u00fc bir sar\u0131m sa\u011flar; hem tellerin hem de burgular\u0131n daha uzun \u00f6m\u00fcrl\u00fc olmas\u0131na yard\u0131mc\u0131 olur.<\/p>\n<h3 data-start=\"1127\" data-end=\"1155\"><strong data-start=\"1131\" data-end=\"1155\">\u00d6ne \u00c7\u0131kan \u00d6zellikler<\/strong><\/h3>\n<ul data-start=\"1156\" data-end=\"1313\">\n<li data-start=\"1156\" data-end=\"1185\">\n<p data-start=\"1158\" data-end=\"1185\"><strong data-start=\"1158\" data-end=\"1183\">Dayan\u0131kl\u0131 ah\u015fap g\u00f6vde<\/strong><\/p>\n<\/li>\n<li data-start=\"1186\" data-end=\"1215\">\n<p data-start=\"1188\" data-end=\"1215\">Kaymaz ve ergonomik tutu\u015f<\/p>\n<\/li>\n<li data-start=\"1216\" data-end=\"1249\">\n<p data-start=\"1218\" data-end=\"1249\">Siyah &amp; beyaz sap se\u00e7enekleri<\/p>\n<\/li>\n<li data-start=\"1250\" data-end=\"1282\">\n<p data-start=\"1252\" data-end=\"1282\">H\u0131zl\u0131 ve pratik tel de\u011fi\u015fimi<\/p>\n<\/li>\n<li data-start=\"1283\" data-end=\"1313\">\n<p data-start=\"1285\" data-end=\"1313\">Klasik ve zamans\u0131z g\u00f6r\u00fcn\u00fcm<\/p>\n<\/li>\n<\/ul>\n<h3 data-start=\"1315\" data-end=\"1340\"><strong data-start=\"1319\" data-end=\"1340\">Kullan\u0131m Alanlar\u0131<\/strong><\/h3>\n<ul data-start=\"1341\" data-end=\"1441\">\n<li data-start=\"1341\" data-end=\"1358\">\n<p data-start=\"1343\" data-end=\"1358\">Akustik gitar<\/p>\n<\/li>\n<li data-start=\"1359\" data-end=\"1375\">\n<p data-start=\"1361\" data-end=\"1375\">Klasik gitar<\/p>\n<\/li>\n<li data-start=\"1376\" data-end=\"1393\">\n<p data-start=\"1378\" data-end=\"1393\">Elektro gitar<\/p>\n<\/li>\n<li data-start=\"1394\" data-end=\"1407\">\n<p data-start=\"1396\" data-end=\"1407\">Bas gitar<\/p>\n<\/li>\n<li data-start=\"1408\" data-end=\"1441\">\n<p data-start=\"1410\" data-end=\"1441\">Ev, st\u00fcdyo ve sahne kullan\u0131m\u0131<\/p>\n<\/li>\n<\/ul>\n<p data-start=\"1443\" data-end=\"1538\">Her gitaristin \u00e7antas\u0131nda bulunmas\u0131 gereken <strong data-start=\"1487\" data-end=\"1512\">pratik, sa\u011flam ve \u015f\u0131k<\/strong> bir tel sarma aparat\u0131d\u0131r.<\/p>\n","protected":false},"excerpt":{"rendered":"<p data-start=\"327\" data-end=\"513\"><strong data-start=\"327\" data-end=\"369\">Ah\u015fap g\u00f6vdeli gitar tel sarma aparat\u0131.<\/strong> Siyah ve beyaz sap se\u00e7enekleriyle klasik g\u00f6r\u00fcn\u00fcme sahiptir. G\u00fc\u00e7l\u00fc tutu\u015f sa\u011flar, t\u00fcm gitar boyutlar\u0131yla uyumludur ve tel de\u011fi\u015fimini h\u0131zland\u0131r\u0131r.<\/p>\n","protected":false},"featured_media":377,"comment_status":"open","ping_status":"closed","template":"","meta":{"_acf_changed":false,"_uag_custom_page_level_css":""},"product_brand":[21],"product_cat":[25],"product_tag":[200,204,201,197,199,205,202,203,198],"class_list":{"0":"post-376","1":"product","2":"type-product","3":"status-publish","4":"has-post-thumbnail","6":"product_brand-racsen","7":"product_cat-bakim-temizlik-urunleri","8":"product_tag-ahsap-gitar-aksesuar","9":"product_tag-gitar-bakim-araci","10":"product_tag-gitar-bakim-ekipmani","11":"product_tag-gitar-tel-sarma-aparati","12":"product_tag-guitar-string-winder","13":"product_tag-klasik-gitar-aksesuar","14":"product_tag-muzisyen-aksesuar","15":"product_tag-string-winder-tool","16":"product_tag-tel-sarma-kolu","18":"first","19":"instock","20":"taxable","21":"shipping-taxable","22":"purchasable","23":"product-type-simple"},"acf":[],"yoast_head":"<!-- This site is optimized with the Yoast SEO plugin v27.5 - https:\/\/yoast.com\/product\/yoast-seo-wordpress\/ -->\n<title>Ah\u015fap Gitar Tel Sarma Aparat\u0131 | Ayarlanabilir, Dayan\u0131kl\u0131 ve Klasik Tasar\u0131m<\/title>\n<meta name=\"description\" content=\"Ayarlanabilir ah\u015fap gitar tel sarma aparat\u0131. Siyah &amp; beyaz sapl\u0131, kaymaz tutu\u015flu ve t\u00fcm gitarlarla uyumlu. Tel de\u011fi\u015fimini h\u0131zland\u0131ran dayan\u0131kl\u0131 ve \u015f\u0131k m\u00fczisyen ekipman\u0131.\" \/>\n<meta name=\"robots\" content=\"index, follow, max-snippet:-1, max-image-preview:large, max-video-preview:-1\" \/>\n<link rel=\"canonical\" href=\"https:\/\/gitaraksesuar.com\/?product=ahsap-gitar-tel-sarma-aparati-siyah-sapli-tum-gitarlarla-uyumlu\" \/>\n<meta property=\"og:locale\" content=\"tr_TR\" \/>\n<meta property=\"og:type\" content=\"article\" \/>\n<meta property=\"og:title\" content=\"Ah\u015fap Gitar Tel Sarma Aparat\u0131 | Ayarlanabilir, Dayan\u0131kl\u0131 ve Klasik Tasar\u0131m\" \/>\n<meta property=\"og:description\" content=\"Ayarlanabilir ah\u015fap gitar tel sarma aparat\u0131. Siyah &amp; beyaz sapl\u0131, kaymaz tutu\u015flu ve t\u00fcm gitarlarla uyumlu. Tel de\u011fi\u015fimini h\u0131zland\u0131ran dayan\u0131kl\u0131 ve \u015f\u0131k m\u00fczisyen ekipman\u0131.\" \/>\n<meta property=\"og:url\" content=\"https:\/\/gitaraksesuar.com\/?product=ahsap-gitar-tel-sarma-aparati-siyah-sapli-tum-gitarlarla-uyumlu\" \/>\n<meta property=\"og:site_name\" content=\"Gitar Aksesuar &ndash; Gitar ve Bas Ekipmanlar\u0131\" \/>\n<meta property=\"article:modified_time\" content=\"2026-02-21T08:20:13+00:00\" \/>\n<meta property=\"og:image\" content=\"https:\/\/gitaraksesuar.com\/wp-content\/uploads\/2026\/01\/f995edd2-32b8-4864-8814-68887b3d9250.jpg\" \/>\n\t<meta property=\"og:image:width\" content=\"800\" \/>\n\t<meta property=\"og:image:height\" content=\"800\" \/>\n\t<meta property=\"og:image:type\" content=\"image\/jpeg\" \/>\n<meta name=\"twitter:card\" content=\"summary_large_image\" \/>\n<meta name=\"twitter:label1\" content=\"Tahmini okuma s\u00fcresi\" \/>\n\t<meta name=\"twitter:data1\" content=\"1 dakika\" \/>\n<script type=\"application\/ld+json\" class=\"yoast-schema-graph\">{\"@context\":\"https:\\\/\\\/schema.org\",\"@graph\":[{\"@type\":\"WebPage\",\"@id\":\"https:\\\/\\\/gitaraksesuar.com\\\/?product=ahsap-gitar-tel-sarma-aparati-siyah-sapli-tum-gitarlarla-uyumlu\",\"url\":\"https:\\\/\\\/gitaraksesuar.com\\\/?product=ahsap-gitar-tel-sarma-aparati-siyah-sapli-tum-gitarlarla-uyumlu\",\"name\":\"Ah\u015fap Gitar Tel Sarma Aparat\u0131 | Ayarlanabilir, Dayan\u0131kl\u0131 ve Klasik Tasar\u0131m\",\"isPartOf\":{\"@id\":\"http:\\\/\\\/gitaraksesuar.com\\\/#website\"},\"primaryImageOfPage\":{\"@id\":\"https:\\\/\\\/gitaraksesuar.com\\\/?product=ahsap-gitar-tel-sarma-aparati-siyah-sapli-tum-gitarlarla-uyumlu#primaryimage\"},\"image\":{\"@id\":\"https:\\\/\\\/gitaraksesuar.com\\\/?product=ahsap-gitar-tel-sarma-aparati-siyah-sapli-tum-gitarlarla-uyumlu#primaryimage\"},\"thumbnailUrl\":\"https:\\\/\\\/gitaraksesuar.com\\\/wp-content\\\/uploads\\\/2026\\\/01\\\/f995edd2-32b8-4864-8814-68887b3d9250.jpg\",\"datePublished\":\"2026-01-09T17:28:55+00:00\",\"dateModified\":\"2026-02-21T08:20:13+00:00\",\"description\":\"Ayarlanabilir ah\u015fap gitar tel sarma aparat\u0131. Siyah & beyaz sapl\u0131, kaymaz tutu\u015flu ve t\u00fcm gitarlarla uyumlu. Tel de\u011fi\u015fimini h\u0131zland\u0131ran dayan\u0131kl\u0131 ve \u015f\u0131k m\u00fczisyen ekipman\u0131.\",\"breadcrumb\":{\"@id\":\"https:\\\/\\\/gitaraksesuar.com\\\/?product=ahsap-gitar-tel-sarma-aparati-siyah-sapli-tum-gitarlarla-uyumlu#breadcrumb\"},\"inLanguage\":\"tr\",\"potentialAction\":[{\"@type\":\"ReadAction\",\"target\":[\"https:\\\/\\\/gitaraksesuar.com\\\/?product=ahsap-gitar-tel-sarma-aparati-siyah-sapli-tum-gitarlarla-uyumlu\"]}]},{\"@type\":\"ImageObject\",\"inLanguage\":\"tr\",\"@id\":\"https:\\\/\\\/gitaraksesuar.com\\\/?product=ahsap-gitar-tel-sarma-aparati-siyah-sapli-tum-gitarlarla-uyumlu#primaryimage\",\"url\":\"https:\\\/\\\/gitaraksesuar.com\\\/wp-content\\\/uploads\\\/2026\\\/01\\\/f995edd2-32b8-4864-8814-68887b3d9250.jpg\",\"contentUrl\":\"https:\\\/\\\/gitaraksesuar.com\\\/wp-content\\\/uploads\\\/2026\\\/01\\\/f995edd2-32b8-4864-8814-68887b3d9250.jpg\",\"width\":800,\"height\":800},{\"@type\":\"BreadcrumbList\",\"@id\":\"https:\\\/\\\/gitaraksesuar.com\\\/?product=ahsap-gitar-tel-sarma-aparati-siyah-sapli-tum-gitarlarla-uyumlu#breadcrumb\",\"itemListElement\":[{\"@type\":\"ListItem\",\"position\":1,\"name\":\"Anasayfa\",\"item\":\"http:\\\/\\\/gitaraksesuar.com\\\/\"},{\"@type\":\"ListItem\",\"position\":2,\"name\":\"Ma\u011faza\",\"item\":\"http:\\\/\\\/gitaraksesuar.com\\\/?page_id=7\"},{\"@type\":\"ListItem\",\"position\":3,\"name\":\"Ah\u015fap Gitar Tel Sarma Aparat\u0131 \u2013 Siyah Sapl\u0131, T\u00fcm Gitarlarla Uyumlu\"}]},{\"@type\":\"WebSite\",\"@id\":\"http:\\\/\\\/gitaraksesuar.com\\\/#website\",\"url\":\"http:\\\/\\\/gitaraksesuar.com\\\/\",\"name\":\"Gitar Aksesuar &ndash; Gitar ve Bas Ekipmanlar\u0131\",\"description\":\"Gitar ve bas d&uuml;nyas\u0131n\u0131n g&uuml;venilir al\u0131\u015fveri\u015f noktas\u0131.\",\"publisher\":{\"@id\":\"http:\\\/\\\/gitaraksesuar.com\\\/#organization\"},\"potentialAction\":[{\"@type\":\"SearchAction\",\"target\":{\"@type\":\"EntryPoint\",\"urlTemplate\":\"http:\\\/\\\/gitaraksesuar.com\\\/?s={search_term_string}\"},\"query-input\":{\"@type\":\"PropertyValueSpecification\",\"valueRequired\":true,\"valueName\":\"search_term_string\"}}],\"inLanguage\":\"tr\"},{\"@type\":\"Organization\",\"@id\":\"http:\\\/\\\/gitaraksesuar.com\\\/#organization\",\"name\":\"Gitar Aksesuar &ndash; Gitar ve Bas Ekipmanlar\u0131\",\"url\":\"http:\\\/\\\/gitaraksesuar.com\\\/\",\"logo\":{\"@type\":\"ImageObject\",\"inLanguage\":\"tr\",\"@id\":\"http:\\\/\\\/gitaraksesuar.com\\\/#\\\/schema\\\/logo\\\/image\\\/\",\"url\":\"https:\\\/\\\/gitaraksesuar.com\\\/wp-content\\\/uploads\\\/2025\\\/10\\\/cropped-Gitar-Aksesuar-Logo.png\",\"contentUrl\":\"https:\\\/\\\/gitaraksesuar.com\\\/wp-content\\\/uploads\\\/2025\\\/10\\\/cropped-Gitar-Aksesuar-Logo.png\",\"width\":1036,\"height\":243,\"caption\":\"Gitar Aksesuar &ndash; Gitar ve Bas Ekipmanlar\u0131\"},\"image\":{\"@id\":\"http:\\\/\\\/gitaraksesuar.com\\\/#\\\/schema\\\/logo\\\/image\\\/\"}}]}<\/script>\n<!-- \/ Yoast SEO plugin. -->","yoast_head_json":{"title":"Ah\u015fap Gitar Tel Sarma Aparat\u0131 | Ayarlanabilir, Dayan\u0131kl\u0131 ve Klasik Tasar\u0131m","description":"Ayarlanabilir ah\u015fap gitar tel sarma aparat\u0131. Siyah & beyaz sapl\u0131, kaymaz tutu\u015flu ve t\u00fcm gitarlarla uyumlu. Tel de\u011fi\u015fimini h\u0131zland\u0131ran dayan\u0131kl\u0131 ve \u015f\u0131k m\u00fczisyen ekipman\u0131.","robots":{"index":"index","follow":"follow","max-snippet":"max-snippet:-1","max-image-preview":"max-image-preview:large","max-video-preview":"max-video-preview:-1"},"canonical":"https:\/\/gitaraksesuar.com\/?product=ahsap-gitar-tel-sarma-aparati-siyah-sapli-tum-gitarlarla-uyumlu","og_locale":"tr_TR","og_type":"article","og_title":"Ah\u015fap Gitar Tel Sarma Aparat\u0131 | Ayarlanabilir, Dayan\u0131kl\u0131 ve Klasik Tasar\u0131m","og_description":"Ayarlanabilir ah\u015fap gitar tel sarma aparat\u0131. Siyah & beyaz sapl\u0131, kaymaz tutu\u015flu ve t\u00fcm gitarlarla uyumlu. Tel de\u011fi\u015fimini h\u0131zland\u0131ran dayan\u0131kl\u0131 ve \u015f\u0131k m\u00fczisyen ekipman\u0131.","og_url":"https:\/\/gitaraksesuar.com\/?product=ahsap-gitar-tel-sarma-aparati-siyah-sapli-tum-gitarlarla-uyumlu","og_site_name":"Gitar Aksesuar &ndash; Gitar ve Bas Ekipmanlar\u0131","article_modified_time":"2026-02-21T08:20:13+00:00","og_image":[{"width":800,"height":800,"url":"https:\/\/gitaraksesuar.com\/wp-content\/uploads\/2026\/01\/f995edd2-32b8-4864-8814-68887b3d9250.jpg","type":"image\/jpeg"}],"twitter_card":"summary_large_image","twitter_misc":{"Tahmini okuma s\u00fcresi":"1 dakika"},"schema":{"@context":"https:\/\/schema.org","@graph":[{"@type":"WebPage","@id":"https:\/\/gitaraksesuar.com\/?product=ahsap-gitar-tel-sarma-aparati-siyah-sapli-tum-gitarlarla-uyumlu","url":"https:\/\/gitaraksesuar.com\/?product=ahsap-gitar-tel-sarma-aparati-siyah-sapli-tum-gitarlarla-uyumlu","name":"Ah\u015fap Gitar Tel Sarma Aparat\u0131 | Ayarlanabilir, Dayan\u0131kl\u0131 ve Klasik Tasar\u0131m","isPartOf":{"@id":"http:\/\/gitaraksesuar.com\/#website"},"primaryImageOfPage":{"@id":"https:\/\/gitaraksesuar.com\/?product=ahsap-gitar-tel-sarma-aparati-siyah-sapli-tum-gitarlarla-uyumlu#primaryimage"},"image":{"@id":"https:\/\/gitaraksesuar.com\/?product=ahsap-gitar-tel-sarma-aparati-siyah-sapli-tum-gitarlarla-uyumlu#primaryimage"},"thumbnailUrl":"https:\/\/gitaraksesuar.com\/wp-content\/uploads\/2026\/01\/f995edd2-32b8-4864-8814-68887b3d9250.jpg","datePublished":"2026-01-09T17:28:55+00:00","dateModified":"2026-02-21T08:20:13+00:00","description":"Ayarlanabilir ah\u015fap gitar tel sarma aparat\u0131. Siyah & beyaz sapl\u0131, kaymaz tutu\u015flu ve t\u00fcm gitarlarla uyumlu. Tel de\u011fi\u015fimini h\u0131zland\u0131ran dayan\u0131kl\u0131 ve \u015f\u0131k m\u00fczisyen ekipman\u0131.","breadcrumb":{"@id":"https:\/\/gitaraksesuar.com\/?product=ahsap-gitar-tel-sarma-aparati-siyah-sapli-tum-gitarlarla-uyumlu#breadcrumb"},"inLanguage":"tr","potentialAction":[{"@type":"ReadAction","target":["https:\/\/gitaraksesuar.com\/?product=ahsap-gitar-tel-sarma-aparati-siyah-sapli-tum-gitarlarla-uyumlu"]}]},{"@type":"ImageObject","inLanguage":"tr","@id":"https:\/\/gitaraksesuar.com\/?product=ahsap-gitar-tel-sarma-aparati-siyah-sapli-tum-gitarlarla-uyumlu#primaryimage","url":"https:\/\/gitaraksesuar.com\/wp-content\/uploads\/2026\/01\/f995edd2-32b8-4864-8814-68887b3d9250.jpg","contentUrl":"https:\/\/gitaraksesuar.com\/wp-content\/uploads\/2026\/01\/f995edd2-32b8-4864-8814-68887b3d9250.jpg","width":800,"height":800},{"@type":"BreadcrumbList","@id":"https:\/\/gitaraksesuar.com\/?product=ahsap-gitar-tel-sarma-aparati-siyah-sapli-tum-gitarlarla-uyumlu#breadcrumb","itemListElement":[{"@type":"ListItem","position":1,"name":"Anasayfa","item":"http:\/\/gitaraksesuar.com\/"},{"@type":"ListItem","position":2,"name":"Ma\u011faza","item":"http:\/\/gitaraksesuar.com\/?page_id=7"},{"@type":"ListItem","position":3,"name":"Ah\u015fap Gitar Tel Sarma Aparat\u0131 \u2013 Siyah Sapl\u0131, T\u00fcm Gitarlarla Uyumlu"}]},{"@type":"WebSite","@id":"http:\/\/gitaraksesuar.com\/#website","url":"http:\/\/gitaraksesuar.com\/","name":"Gitar Aksesuar &ndash; Gitar ve Bas Ekipmanlar\u0131","description":"Gitar ve bas d&uuml;nyas\u0131n\u0131n g&uuml;venilir al\u0131\u015fveri\u015f noktas\u0131.","publisher":{"@id":"http:\/\/gitaraksesuar.com\/#organization"},"potentialAction":[{"@type":"SearchAction","target":{"@type":"EntryPoint","urlTemplate":"http:\/\/gitaraksesuar.com\/?s={search_term_string}"},"query-input":{"@type":"PropertyValueSpecification","valueRequired":true,"valueName":"search_term_string"}}],"inLanguage":"tr"},{"@type":"Organization","@id":"http:\/\/gitaraksesuar.com\/#organization","name":"Gitar Aksesuar &ndash; Gitar ve Bas Ekipmanlar\u0131","url":"http:\/\/gitaraksesuar.com\/","logo":{"@type":"ImageObject","inLanguage":"tr","@id":"http:\/\/gitaraksesuar.com\/#\/schema\/logo\/image\/","url":"https:\/\/gitaraksesuar.com\/wp-content\/uploads\/2025\/10\/cropped-Gitar-Aksesuar-Logo.png","contentUrl":"https:\/\/gitaraksesuar.com\/wp-content\/uploads\/2025\/10\/cropped-Gitar-Aksesuar-Logo.png","width":1036,"height":243,"caption":"Gitar Aksesuar &ndash; Gitar ve Bas Ekipmanlar\u0131"},"image":{"@id":"http:\/\/gitaraksesuar.com\/#\/schema\/logo\/image\/"}}]}},"uagb_featured_image_src":{"full":["https:\/\/gitaraksesuar.com\/wp-content\/uploads\/2026\/01\/f995edd2-32b8-4864-8814-68887b3d9250.jpg",800,800,false],"thumbnail":["https:\/\/gitaraksesuar.com\/wp-content\/uploads\/2026\/01\/f995edd2-32b8-4864-8814-68887b3d9250-150x150.jpg",150,150,true],"medium":["https:\/\/gitaraksesuar.com\/wp-content\/uploads\/2026\/01\/f995edd2-32b8-4864-8814-68887b3d9250-300x300.jpg",300,300,true],"medium_large":["https:\/\/gitaraksesuar.com\/wp-content\/uploads\/2026\/01\/f995edd2-32b8-4864-8814-68887b3d9250-768x768.jpg",768,768,true],"large":["https:\/\/gitaraksesuar.com\/wp-content\/uploads\/2026\/01\/f995edd2-32b8-4864-8814-68887b3d9250.jpg",800,800,false],"1536x1536":["https:\/\/gitaraksesuar.com\/wp-content\/uploads\/2026\/01\/f995edd2-32b8-4864-8814-68887b3d9250.jpg",800,800,false],"2048x2048":["https:\/\/gitaraksesuar.com\/wp-content\/uploads\/2026\/01\/f995edd2-32b8-4864-8814-68887b3d9250.jpg",800,800,false],"woocommerce_thumbnail":["https:\/\/gitaraksesuar.com\/wp-content\/uploads\/2026\/01\/f995edd2-32b8-4864-8814-68887b3d9250-324x324.jpg",324,324,true],"woocommerce_single":["https:\/\/gitaraksesuar.com\/wp-content\/uploads\/2026\/01\/f995edd2-32b8-4864-8814-68887b3d9250-416x416.jpg",416,416,true],"woocommerce_gallery_thumbnail":["https:\/\/gitaraksesuar.com\/wp-content\/uploads\/2026\/01\/f995edd2-32b8-4864-8814-68887b3d9250-100x100.jpg",100,100,true]},"uagb_author_info":{"display_name":"admin","author_link":"https:\/\/gitaraksesuar.com\/?author=0"},"uagb_comment_info":0,"uagb_excerpt":"Ah\u015fap g\u00f6vdeli gitar tel sarma aparat\u0131. Siyah ve beyaz sap se\u00e7enekleriyle klasik g\u00f6r\u00fcn\u00fcme sahiptir. G\u00fc\u00e7l\u00fc tutu\u015f sa\u011flar, t\u00fcm gitar boyutlar\u0131yla uyumludur ve tel de\u011fi\u015fimini h\u0131zland\u0131r\u0131r.","jetpack_sharing_enabled":true,"_links":{"self":[{"href":"https:\/\/gitaraksesuar.com\/index.php?rest_route=\/wp\/v2\/product\/376","targetHints":{"allow":["GET"]}}],"collection":[{"href":"https:\/\/gitaraksesuar.com\/index.php?rest_route=\/wp\/v2\/product"}],"about":[{"href":"https:\/\/gitaraksesuar.com\/index.php?rest_route=\/wp\/v2\/types\/product"}],"replies":[{"embeddable":true,"href":"https:\/\/gitaraksesuar.com\/index.php?rest_route=%2Fwp%2Fv2%2Fcomments&post=376"}],"wp:featuredmedia":[{"embeddable":true,"href":"https:\/\/gitaraksesuar.com\/index.php?rest_route=\/wp\/v2\/media\/377"}],"wp:attachment":[{"href":"https:\/\/gitaraksesuar.com\/index.php?rest_route=%2Fwp%2Fv2%2Fmedia&parent=376"}],"wp:term":[{"taxonomy":"product_brand","embeddable":true,"href":"https:\/\/gitaraksesuar.com\/index.php?rest_route=%2Fwp%2Fv2%2Fproduct_brand&post=376"},{"taxonomy":"product_cat","embeddable":true,"href":"https:\/\/gitaraksesuar.com\/index.php?rest_route=%2Fwp%2Fv2%2Fproduct_cat&post=376"},{"taxonomy":"product_tag","embeddable":true,"href":"https:\/\/gitaraksesuar.com\/index.php?rest_route=%2Fwp%2Fv2%2Fproduct_tag&post=376"}],"curies":[{"name":"wp","href":"https:\/\/api.w.org\/{rel}","templated":true}]}}